se -n*y - 1488 = -0*y. Let u = y + 1137. Is u composite?
False
Let i(s) = -s**3 - s**2. Let d(u) = 464*u**3 - 5*u**2 + 2*u. Let j(p) = d(p) - 3*i(p). Is j(1) composite?
False
Is (-8)/((-40)/12515)*1 a prime number?
True
Suppose -4*r = s - 25 - 59, 0 = -5*s. Let x = r + 18. Is x prime?
False
Let n be 15/(-20) + 5637/12. Let p be ((-182)/(-21))/((-1)/27). Let r = n + p. Is r a prime number?
False
Suppose 40*s - 782 = 39*s. Suppose 0 = -23*v + 25*v - s. Is v prime?
False
Suppose 2*q + 48 = 3*k, -3*k - 2 = q + k. Let g = q - -9. Let c = 16 + g. Is c a composite number?
False
Let r = -6063 - -14605. Is r prime?
False
Is (-3 + (-903386)/11)/(2 + -3) a prime number?
True
Let n = 17 - 15. Suppose n*t - 4*d = -3*t + 856, -t = -5*d - 167. Let g = 13 + t. Is g composite?
True
Suppose 4*d = 3*b + 20, -2*d + 2*b = -0*b - 8. Suppose 17*p - 38 = -21*p. Suppose d*v + a = 3*v + 1446, a = p. Is v composite?
True
Let i(p) = -p**3 - 6*p**2 + p + 8. Let h be i(-6). Suppose 2*l + l + 28 = -4*q, 0 = h*l + 4*q + 24. Is 678/l*(-56)/42 a prime number?
False
Let l = 111 + 65862. Is l prime?
False
Let s(f) = f**3 - 9*f**2 - 9*f - 7. Let j be s(10). Suppose 2*l = -2*l + p + 7584, j*l = -3*p + 5673. Is l composite?
True
Suppose 5*m - 26 = -0*a - a, -12 = -2*m - 2*a. Suppose u + 2 = -l + 4*l, 18 = m*u - l. Is 221 - (1 - -7)/u a prime number?
False
Suppose -7*i + 8*i = 1. Let w(p) = -p**2 + 1. Let c(s) = -321*s**2 - s + 3. Let d(g) = -c(g) + 3*w(g). Is d(i) prime?
False
Suppose -4 = 2*w + 2*j - 10, 28 = 4*w - 4*j. Let n be -370*(0 + 3/(-6)). Suppose -n = -w*a + 3*t, 3*t - 185 = -5*a + 2*t. Is a a prime number?
True
Let v(u) = u**3 + 2*u**2 - 3*u - 4. Let s be v(-2). Let m be (5 + -31)/(1*s). Let g(x) = x**3 + 13*x**2 - 15*x - 8. Is g(m) a composite number?
True
Suppose -89*o - 64197 = -98*o. Is o a prime number?
False
Suppose -2*l = 3*h + 8, 12 = 4*h - 6*l + 3*l. Suppose -5*g = -3*i + 11366, i - 2*g - 711 - 3078 = h. Is i a composite number?
True
Let h = 444 + -391. Is h composite?
False
Let f(b) = b - 5. Let a be f(9). Suppose t + a - 1 = 0. Is ((-37)/t)/((-5)/(-15)) prime?
True
Let r(f) = f**3 + 7*f**2 + 15*f + 18. Is r(13) a prime number?
True
Suppose -3*b + 17 = -2*b + 4*v, -2*v = -3*b + 9. Is (-683)/(((-10)/6)/b*3) prime?
True
Suppose 3*t - 12 = -0*t. Suppose t*m - 4 = -l - l, 5*l - 16 = -4*m. Suppose h = -3*h - 5*k + 5145, 0 = 5*h + l*k - 6429. Is h a prime number?
False
Let h(v) = -13369*v + 353. Is h(-6) a composite number?
False
Let b = 46 - 44. Let y(q) = 31*q**3 + q**2 + 5*q - 5. Is y(b) composite?
False
Let m(j) = j**3 + 18*j**2 + 19*j + 24. Let h be m(-17). Is (-2)/((h/319)/5) prime?
False
Let v be (-1*2)/(-2) + 335. Let i be -66 + (-1 - (-5)/10)*10. Let f = i + v. Is f composite?
True
Let o(v) = -99*v + 746. Is o(3) prime?
True
Suppose w = 2062 + 229. Is w prime?
False
Let t be -4 - 9/((-36)/(-2464)). Let u = t - -1033. Is u a prime number?
False
Let m(a) be the second derivative of -a**5/20 + a**4/3 + 2*a**3/3 - 3*a**2/2 + 2*a. Let y be m(5). Let b(k) = -2*k + 3. Is b(y) a composite number?
False
Let r = -12 + 20. Let m be 4*r - (-5)/(-5). Suppose 6*v = -3*g + 2*v + 93, g - v = m. Is g a composite number?
False
Let k(f) = 74*f + 7. Let g be k(2). Suppose g = -0*o + 5*o. Is o a prime number?
True
Let p(u) = -u**3 + 4*u**2 - u - 3. Let j be p(3). Suppose 0 = 5*g - 4*s - 2, 2*s = -5*g + j - 19. Is (-1729)/(-2) + 3/g a composite number?
False
Suppose s + 42 = -2*s. Is (-4)/6*10227/s composite?
False
Let n = 65 + -37. Let w = n - -67. Is w a prime number?
False
Suppose -17*g = -15*g - 142. Let s be g*3/3*7. Is s - 3/((-9)/(-12)) a composite number?
True
Suppose 4*a - 15940 = -5*x, 4*a - 7766 = -3*x + 8174. Suppose 6*d = a + 1277. Is d composite?
False
Let g(i) = 312*i**2 - 2*i - 1. Let c be g(-2). Let w = -520 + c. Is w a composite number?
True
Let v = 28785 + -10556. Is v a composite number?
False
Let n(p) = -p**2 - 20*p + 1. Suppose -7 = 2*f - 23. Suppose -m = -f + 22. Is n(m) composite?
True
Let d = 22149 - 11348. Is d composite?
True
Let k(s) = -s**3 + 20. Let q be k(0). Let i be (-5)/q + 1935/(-4). Let v = i + 831. Is v composite?
False
Let u = 8385 + 41822. Is u a composite number?
False
Let a be (156/130)/(2/(-10)*-2). Let p(k) = -94*k**3 - 2*k - 3. Let d be p(-3). Is a/(-4) - d/(-12) a prime number?
True
Let l(y) = 3*y**2 - 13*y - 29. Is l(-6) a composite number?
False
Let f = -5 + 8. Suppose 5*u - 542 = f*u. Is u composite?
False
Let d(u) = -59*u + 51. Is d(-14) a composite number?
False
Let u(w) = -w**3 - w**2 - 3*w - 1. Let o be u(-8). Let m = o + -184. Is m a prime number?
False
Is ((-15)/(45/205914))/(-2) composite?
False
Let a(i) = i**3 - 33*i**2 + 30*i - 85. Is a(39) prime?
True
Suppose 4*v - 107663 = -5*t, 246*v = 244*v - 4*t + 53830. Is v composite?
True
Is (2 - (-13 + -12927)) + (1 - 5) a prime number?
False
Let v be -1 + -2 + 1120 + 9. Suppose k = -i + v, k - 3*i + 4501 = 5*k. Is k a prime number?
True
Let y be (-4 + 12)*1/(-1). Let g = y - -11. Suppose -g*t + 76 = t. Is t prime?
True
Suppose 67278 = 7*f - f. Is f a prime number?
True
Let g(t) = -2*t**3 + t**2 + t + 7571. Is g(0) a composite number?
True
Let j = 9 - 13. Let y = -2 - j. Suppose -1 = y*f - 39. Is f composite?
False
Let i(q) = q**3 + 12*q**2 + 6*q - 7. Let l be i(-5). Let m be (-5)/(-10) + 6/(-4). Is m + 3 + l + 3 prime?
False
Let d be (-50)/6 + 2/(-3). Let j(t) = -137*t - 49. Let r(b) = -137*b - 58. Let l(z) = 4*j(z) - 3*r(z). Is l(d) a composite number?
True
Let t(y) be the third derivative of 13*y**5/30 - y**4/24 - 17*y**3/6 + 17*y**2. Is t(-8) prime?
False
Let f(y) = -y + 8. Let p be f(3). Suppose -p*h + 1497 = -2*h. Is h a composite number?
False
Let s(d) = -2*d**3 - 5*d**2 + 13*d + 1. Is s(-14) prime?
True
Let s be -5 - (-52)/8*2. Suppose s*r = 4*r + 4844. Is r a composite number?
True
Let z(y) = 48*y**3 - 6*y**2 + 6*y + 11. Is z(4) a prime number?
True
Suppose 2*j - 208 - 76 = -4*g, -j = 5*g - 130. Suppose -86 - j = -4*p. Is p composite?
False
Let t(h) be the second derivative of 5*h**4/3 - 5*h**3 + 9*h**2/2 + 43*h. Is t(11) composite?
False
Let c = 15 - 8. Let w = c + 180. Is w a composite number?
True
Let r = 25 + -22. Suppose 2*o + k = 5*k + 258, -r*o + 4*k = -379. Is o a prime number?
False
Let f = 2884 - 1157. Let u = f - 888. Is u prime?
True
Let v(z) = -z**2 - 9*z - 12. Let f be v(-8). Is 941/2 - (-6)/f prime?
False
Let p(b) = -6*b - 20*b - 3 - 19*b - 9*b. Let g be -5*66/60*2. Is p(g) a prime number?
False
Suppose 0 = -19*m + 12*m + 56. Suppose m*i = 18*i - 9070. Is i composite?
False
Suppose 0 = 5*z - 3*z - 4*j - 16, -3*z - 3*j + 6 = 0. Suppose -z*t = -1332 + 488. Is t composite?
False
Let j(i) = -10*i**2 + 2*i + 5. Let a(u) = -19*u**2 + 5*u + 10. Suppose -6*h + 21 = -3*h. Let f(k) = h*j(k) - 4*a(k). Is f(5) composite?
True
Let s(r) = 696*r - 7. Let g be s(2). Suppose 5171 = 4*m - g. Is m composite?
True
Let c = 5562 - 3780. Suppose 4*y - c = -4*q + y, y = -4*q + 1786. Is q prime?
False
Let s(x) = -x**3 + 9*x**2 - 10*x + 18. Let i be s(8). Suppose 6 = i*r - 0. Suppose q - 19 = 4*f, 46 + 24 = r*q + f. Is q composite?
False
Let c be 1/2 - (-3)/(30/(-305)). Let b = c + 443. Is b a composite number?
True
Suppose 5*n - 3*z - 18232 = 0, 4*n - 2*z - 11083 - 3503 = 0. Is n a composite number?
True
Let t = 52577 + -3846. Is t composite?
False
Suppose -5*z = -21*p + 24*p - 1300, 2*z - p - 509 = 0. Is z a prime number?
True
Let a(r) = -2*r - 1. Let p be a(-2). Suppose 6*c = p*c - 12. Is (-20)/c*109/5 a prime number?
True
Suppose 73 = 4*y - 95. Suppose 41*x + 1671 = y*x. Is x a composite number?
True
Suppose 3*u - 3060 = -5*b + 2*u, -3*u = 5*b - 3050. Is b a prime number?
True
Let q = 4979 - -1793. Suppose -l - 3*l + q = 0. Is l prime?
True
Suppose -2*p = -4*d - 18007 + 1449, 4*p + d = 33143. Is p a composite number?
True
Let q(b) = 14*b**2 - 11*b + 11. Let v(x) = 29*x**2 - 23*x + 23. Let p(r) = 13*q(r) - 6*v(r). Let c be (1/((-18)/48))/(2/(-3)). Is p(c) a composite number?
False
Let h(r) = -7*r - 17. Let k be h(9). Let u = 35 - k. Is u composite?
True
Let p(c) = 414*c - 199. Is p(28) a composite number?
False
Let z be ((-2 - -6) + 1)*1061. Suppose 5*q + h = 5280, 5*q - h - 3*h = z. Is q prime?
False
Is 89*(18/(-24) - 191/(-4)) composite?
True
Let l = 14 + -17. Is l - (-345 